 3*g, 0 = -0*k + 5*k + 5*g - 85. What is the remainder when 24 - (j - (-3)/(-1)) is divided by k?
12
Suppose -2*d + 5*h - 24 = 2*h, -5*h + 26 = -d. Let o = 87 - d. What is the remainder when o is divided by 19?
17
Suppose -6 = -2*q - 0*q. Suppose -7 = -q*d + 2. What is the remainder when 5 is divided by d?
2
Suppose 0 = g + 5 - 48. Suppose l = 1, -3*l - l + 92 = 4*a. Calculate the remainder when g is divided by a.
21
Suppose -2*a + f = -55 - 17, -105 = -3*a + 3*f. Let n = a + -18. Let k(i) = -9*i + 1. What is the remainder when n is divided by k(-1)?
9
Let t(y) be the first derivative of y**2/2 + 16*y - 1. What is the remainder when t(-7) is divided by 4?
1
Suppose l - 1 - 14 = 0. Calculate the remainder when 27 is divided by l.
12
Let o be (2 + -1)/((-1)/(-17)). Suppose 5 = 2*k - o. Let f = k - 8. What is the remainder when 7 is divided by f?
1
Let q be (1/2*0)/(-3). Suppose q = -0*g + g - 3. Calculate the remainder when 6 is divided by g.
0
Suppose -4*c - 2*b + b = -26, -c - 2*b + 10 = 0. Let l(h) = -h + 9. What is the remainder when l(-7) is divided by c?
4
Let h = 17 - 11. Suppose h*y - 9*y + 66 = 0. Calculate the remainder when 43 is divided by y.
21
Let o be (-9)/(-6)*(1 - -1). Let c(l) = -2*l - 1 + 2*l + 24*l**o + 2*l. What is the remainder when c(1) is divided by 9?
7
Let v(q) = q**2 - 4*q + 6. Let i be v(4). Let b = 18 + -1. What is the remainder when (-341)/(-7) + i/21 is divided by b?
15
Let q = 4 + -10. Let j(x) = -3*x - 8. What is the remainder when 18 is divided by j(q)?
8
Suppose -2*h + 3*k = -2 - 1, 4*k - 2 = 2*h. What is the remainder when (-1)/7 - (-984)/28 is divided by h?
8
Suppose 0*w = -4*w - 4*i - 148, 5*i = 15. Let l = 14 - w. What is the remainder when l is divided by 14?
12
Suppose -4*u + 34 - 6 = 0. What is the remainder when u is divided by ((-2)/4)/(1/(-4))?
1
Suppose -9*d - 29 = -524. What is the remainder when d is divided by 41?
14
Let m(c) = -11*c**2 - 18*c + 5. Let v(k) = -4*k**2 - 6*k + 2. Let a(r) = 6*m(r) - 17*v(r). Calculate the remainder when 63 is divided by a(5).
15
Calculate the remainder when 9*-11*1/(-3) is divided by 10.
3
Let l(q) = q**2 - 3*q - 9. What is the remainder when 130 is divided by l(7)?
16
Let c = -8 + 29. What is the remainder when 83 is divided by c?
20
Let l(p) = -p**3 + 16*p**2 + 3*p - 19. What is the remainder when 115 is divided by l(16)?
28
Let w(y) = -101*y - 12. Let p be w(5). Let f = 32 - 20. Calculate the remainder when p/33*1*-3 is divided by f.
11
Let y be ((-192)/(-20))/((-3)/(-10)). Suppose -4 = -4*g + y. What is the remainder when 17 is divided by g?
8
Let i(l) = l**2 - l + 9. Let n be i(0). What is the remainder when 50/2 + -4 - -3 is divided by (-25)/(-3) - (-6)/n?
6
Let q = 78 - 55. What is the remainder when 112 is divided by q?
20
Suppose d - 5 - 8 = 0. Suppose 3*x = 7*x. Suppose 5*v + x*v - 35 = 0. Calculate the remainder when d is divided by v.
6
Calculate the remainder when (2 + 0)*(-43)/(-2) is divided by 15.
13
Let r = -9 + 48. Calculate the remainder when r is divided by 15.
9
Let x = -2 + 2. Let i = 0 - -3. Suppose -r + 8 = -2*r - 3*w, x = -i*r - w + 8. What is the remainder when r is divided by 3?
1
Let c(z) = -38*z**3 + z**2. Let m be c(1). Let i = -22 - m. What is the remainder when 2/(-2)*-1*43 is divided by i?
13
Suppose -22 = 2*n - 56. Let w be ((-1)/3)/((-3)/9). Suppose h = -0*h + k + 8, 0 = k - w. What is the remainder when n is divided by h?
8
Let t = 61 - 51. Suppose 4*k = -4*j + 96, 4*j - 66 = 4*k - 10. Calculate the remainder when j is divided by t.
9
Let h(m) = -m + 5. Let g be (-1 + -1)*(-10)/4. Let t be h(g). Suppose -n + 0*n + 13 = t. What is the remainder when n is divided by 7?
6
Suppose -71 = -8*n + 7*n. Calculate the remainder when n is divided by 18.
17
Let k be -10 - (-2 + 0 - -2). Let g = k - -24. Calculate the remainder when g is divided by 5.
4
Suppose -8*j - 11 = -275. What is the remainder when j is divided by 9?
6
Suppose 2*c + f = 108, -3*c - 4*f = -3*f - 160. What is the remainder when c is divided by 11?
8
Calculate the remainder when 9/12 - 170/(-8) is divided by 12.
10
Suppose 6*l - 116 - 40 = 0. What is the remainder when 232 is divided by l?
24
Suppose -2*w + 4*w = 2*b + 36, 2*w - 4*b - 42 = 0. What is the remainder when 89 is divided by w?
14
Let g = -18 + 45. Suppose -m + 1 + 1 = 0. What is the remainder when g is divided by 30*(m - (-3)/(-2))?
12
Let k = -46 - -59. What is the remainder when 114 is divided by k?
10
Suppose -4*p = -4*n + 40, -5*n + p = -3*n - 21. Suppose 0 = 4*g + 3*s, 5*s = -2*g + 3*s + 2. What is the remainder when (g - -37) + -3 + 0 is divided by n?
9
Suppose -3*f - 84 = -5*h - 13, -2*h + 28 = -f. Let u(b) = -9*b - 31. Calculate the remainder when h is divided by u(-4).
3
Let h = -2 + 1. Let w = 4 + h. Suppose 2*d - w*d + 25 = -5*o, 4*o = 2*d - 32. What is the remainder when 18 is divided by d?
8
Let b(u) = 23*u - 1. What is the remainder when 65 is divided by b(1)?
21
Let c = -16 + 28. Suppose 49 = g + 5*f + c, -4*f + 33 = g. Suppose -5*o = -5*d - 35, 2*o = -0*o - 4*d + 8. What is the remainder when g is divided by o?
5
Suppose -3*x + 7*x = 24. What is the remainder when 16 is divided by x?
4
What is the remainder when (-1)/(-7) - 293/(-7) is divided by 15?
12
Let y = 27 - 4. Let z = 35 - y. What is the remainder when 47 is divided by z?
11
Suppose 7*d = 2*d. Suppose 2*z + d*z + 6 = 0, 0 = t - z - 50. What is the remainder when t is divided by -2 + (-6)/9*-21?
11
Let n be (-2)/(-11) + 20/11. Suppose 54 = n*g - 4*q, 0 = -5*g - 3*q + q + 87. Suppose 5*j - 51 = g. Calculate the remainder when 26 is divided by j.
12
Suppose 0 = 3*c - 4*l - 289, -98 = -c + 2*l - l. Let j = -57 + c. What is the remainder when j is divided by 24?
22
Let l(g) = -9*g - 1. Let o be l(-10). Suppose 11 = -3*b + o. Suppose -70 = -5*j + p - 1, -2*j + 2*p + b = 0. Calculate the remainder when 26 is divided by j.
12
Let h = 8 - 0. Calculate the remainder when 29 is divided by h.
5
Let h = -168 + 193. Calculate the remainder when 48 is divided by h.
23
Let a(r) = r**3 + 5*r**2 - 6*r + 7. Let v(d) = d - 12. Let w be v(6). Calculate the remainder when w/(-5)*50/3 is divided by a(-6).
6
Suppose -u + 15 = 2. Let i = -5 + u. What is the remainder when 23 is divided by i?
7
What is the remainder when 39 is divided by (2*(-2)/(-3))/(4/24)?
7
Let l = 83 + -41. What is the remainder when l is divided by 16?
10
Suppose 37 + 51 = -4*m. What is the remainder when ((-14)/4 - -2)*m is divided by 7?
5
Suppose 4*x = 5*p + 120, 2*x = -5*p + 48 + 42. Calculate the remainder when x is divided by 13.
9
Let m(l) = 34*l + 11. Let x(h) = -17*h - 5. Let t(z) = -6*m(z) - 13*x(z). Calculate the remainder when (-378)/(-8) - (-2)/(-8) is divided by t(1).
15
Suppose -d + 7 + 5 = 0. Let a = d - 9. Calculate the remainder when 6 is divided by a.
0
Suppose -3*t + 67 = y, -4*y + 0*y = -t - 229. Calculate the remainder when y is divided by 20.
18
Suppose 3*k = 0, -4*k + 30 = 4*c - 30. What is the remainder when 56 is divided by c?
11
Suppose -t + 25 = 5. Calculate the remainder when 39 is divided by t.
19
Suppose 4*v - 8*v + 104 = 0. Let u(f) = -2*f - 1. Let c be u(-2). What is the remainder when v is divided by c/3 + 2*4?
8
Suppose -68 = -4*s + 2*s. Let b = -7 - -19. What is the remainder when s is divided by b?
10
Let o = -12 + -3. Let r(x) = x**2 - x - 5. Let u be r(0). Let k = u - o. What is the remainder when 18 is divided by k?
8
Suppose 4*o + 3*x - 6 = 0, -3*o - 4*x = -2*x - 5. What is the remainder when 2 - -42*o/3 is divided by 15?
14
Suppose 3*r = -5*x + 23, 0 = 2*x - 0*x + 5*r - 13. Let v = 15 - x. What is the remainder when 31 is divided by v?
9
Let u(c) = c**2 + 5*c + 4. Let j be u(-4). Suppose -3*g + j*g = -18. Suppose 0 = -4*i + 41 + 27. Calculate the remainder when i is divided by g.
5
Let a = 31 - 18. Let j = 23 - a. Calculate the remainder when 19 is divided by j.
9
Suppose 3*t + p = -99 + 516, -3*t - 5*p = -405. Suppose -2*m + 4*a - 52 = -3*m, -2*m + 4*a + t = 0. What is the remainder when m is divided by 22?
20
Let i = -1 + 13. Calculate the remainder when i is divided by 5.
2
Suppose -32 = -0*r - 4*r. Let w(j) = -j**2 + 4*j + 2. What is the remainder when r is divided by w(3)?
3
Let c(n) = -2 - 4 - n**2 - 2*n - 3*n**3 + 5. Let a(p) = -p**3 - p